. Let z(u) = -15*u + 72. What are the prime factors of z(c)?
2, 3, 29
What are the prime factors of (34/6 - 1)*(-1913724)/(-408)?
7, 53, 59
Let j(i) = -i**2 + 15*i - 14. Let l be j(18). Let w = -56 - l. What are the prime factors of w/6*(-1)/(-4)*226?
113
Let q be (-150)/(-54) - 6 - 2/(-9). List the prime factors of q + -1 - (-804 + 30).
2, 5, 7, 11
Let n(p) = 2*p + 964. Let s(d) = 14*d - 42. Let z be s(3). List the prime factors of n(z).
2, 241
Suppose -16*a + 46239 - 136559 = 0. List the prime factors of (-2)/11 + (-2)/(22/a).
3, 19
Suppose -11697 = -3*g - 9*j, -7*j = -2*j + 15. List the prime factors of g.
2, 977
Suppose -s - 279 = s - 3*f, -5 = -f. Let g = 247 + s. What are the prime factors of g?
5, 23
Suppose -9170 = -5*a + 5*t + 7625, -3339 = -a - 3*t. List the prime factors of a.
2, 3, 13, 43
Suppose -85*u + 103009 - 2217330 = -222*u. What are the prime factors of u?
11, 23, 61
Let r(o) = 73 + o**3 + 13*o + 16*o + 16*o - 48*o - 4*o**2. List the prime factors of r(10).
643
Let x(z) = z**3 + 17*z**2 + 15*z - 14. Let j be x(-16). Suppose -y + r = -441, 4*y + j*r = 2101 - 349. What are the prime factors of y?
439
Let x(t) = 8*t + 467. Let v be x(-58). Let s be ((-18)/(-8))/(3/(-48)). List the prime factors of ((-9)/(-3) - s) + v.
2, 3, 7
Let v(u) be the third derivative of -u**6/120 - u**5/20 - 11*u**4/24 - 25*u**3/6 - 14*u**2 - u. List the prime factors of v(-3).
2
Suppose 2*m - 78 - 6 = 0. List the prime factors of (m/12 - 3)/(3/930).
5, 31
Let b = -6682 - -14534. What are the prime factors of b?
2, 13, 151
Let i(t) = -t**2 - 17*t - 10. Let f be ((-6)/9)/((-4)/(-6)). Let k(s) = 6*s**3 - s**2. Let n be k(f). List the prime factors of i(n).
2, 3, 5
Suppose 0 = -4*s - 3*f + 7*f + 8, 5*f - 10 = -5*s. Suppose -n + 0*o - s*o = -118, 0 = -n + o + 127. Suppose -a + 123 = -n. List the prime factors of a.
13, 19
Suppose -4*f + 640 = -480. Suppose -f = 2*l + 5*p, -82 = -2*l - 4*p - 358. Let o = 220 + l. What are the prime factors of o?
2, 3, 5
Let w = -6349 + 9632. What are the prime factors of w?
7, 67
Suppose -5*y - 92 = 223. Let r be y/(-3) - (0 + 1). Let a = r + -1. List the prime factors of a.
19
Let k(g) = -10*g**2 - 10*g + 3. Let m(p) = -2*p + 6 - 3 - 7*p**2 - 9*p - 4*p**2. Let r(c) = -6*k(c) + 5*m(c). List the prime factors of r(-3).
3
Suppose 4*v = -14 - 186. Let i(m) = m**2 + 21*m - 84. What are the prime factors of i(v)?
2, 683
Let x be (5 + 15/45)/(1/(-3)). Let k = 2 + 0. What are the prime factors of -2*k/(-2) - x?
2, 3
Suppose -3*y + 2 = 4*m, 2*y - 4 = 4*y. Suppose 0 = -h - h - 6, -5*v - m*h - 741 = 0. Let l = 220 + v. What are the prime factors of l?
73
Suppose 73 = 14*z - 137. Suppose -z*r + 10534 = 1549. List the prime factors of r.
599
Let f be (-8730)/(-12) - (2 - (-3)/(-2)). Suppose 683 = 5*d - f. What are the prime factors of d?
2, 3, 47
Suppose 7*y + 32 = 9*y. Let a = 46 - y. Suppose -27*h + a*h = 309. What are the prime factors of h?
103
Suppose -11*z - 43 = -2*o - 6*z, 0 = -2*o + 4*z + 38. Suppose -6*s - 158 = -f - o*s, -5*s = 5. What are the prime factors of f?
7, 23
Let l = -1372 - -2052. Let m = -247 + l. List the prime factors of m.
433
Let m(a) = 11*a + 74. Let p be m(-7). Let w(s) = 34*s**2 - 18*s - 58. What are the prime factors of w(p)?
2, 151
Let p(q) = -23*q + 70. Let k(w) = 10*w - 143. Let f be k(14). List the prime factors of p(f).
139
Suppose 5*k + 3*p = 113, 2*p - 3*p - 21 = -k. Suppose -19 = -3*z + 5*v + 3, 0 = z - 2*v - 6. Let w = z + k. List the prime factors of w.
2, 3
Suppose -3*p + 396 = 3*x, -5*p = 2*x - 3*x + 132. Let w(l) = l - 56. Let j be w(-26). Let u = x + j. List the prime factors of u.
2, 5
Let x = 1370 - 475. Let q = -577 + x. What are the prime factors of q?
2, 3, 53
Suppose -53*z = 4574 - 33247. What are the prime factors of z?
541
Let p = -1869 - -1872. Let d = 8 - 4. Suppose -p*t = -w + 48 + 33, 0 = -d*w - 4*t + 388. What are the prime factors of w?
3, 31
Suppose 2695 = 3*h + 3*d - 8393, -14805 = -4*h - d. List the prime factors of h.
7, 23
Let i(z) = z**3 - z**2 - 7*z + 10. Let o be i(3). Suppose o + 3 = 2*d. Suppose -3*t + 6*a = 10*a - 62, -d*a = -4*t + 93. What are the prime factors of t?
2, 11
Let r = 123 + -121. Let n(q) = 106*q**3 + 4*q**2 - q - 6. List the prime factors of n(r).
2, 107
Suppose 4*j + 5*v = 7751, 11*j + 4*v + 7796 = 15*j. Let q = -889 + j. List the prime factors of q.
5, 211
Let z(l) = -4*l - 11. Let m(c) = -c**3 - 2. Let b be m(0). Let r be z(b). What are the prime factors of -3*r/9*78?
2, 3, 13
Let c(b) = 22 + 10 - 18*b**3 + 44*b**3 - 27*b**3 - 3*b**2 - 7*b**2 - 7*b. Let z be (1 - 0) + (1 - 12). What are the prime factors of c(z)?
2, 3, 17
Let a be (2 + 0)/(-4 - 18/(-3)). Suppose 0*y - a = y. List the prime factors of y/(((-3)/43)/3).
43
Let v(k) = 20*k**3 - 4*k**2 + 9*k + 3. Let y be v(7). What are the prime factors of y/40 + 1 + (-5)/4?
2, 3, 7
Let g(k) = -k**3 + k**2 - 2*k - 1. Let r be g(-2). Suppose -r*h + 848 = h. Let o = h + -40. What are the prime factors of o?
13
Let r(s) = -9*s**3 + 18*s**2 + 2*s + 16. Let w be r(6). Let h = -950 - w. List the prime factors of h.
2, 3, 53
Let q be 2*3 - (12 - -2). Let t(w) = -2*w**3 - 12*w**2 - 5*w + 11. What are the prime factors of t(q)?
307
Suppose 0 = 2*f - 4*y - 15528, -5*y = -4*f + 18671 + 12403. List the prime factors of f.
2, 3
Let h(r) = 6*r**2 + 7*r - 9. Let y be h(5). Let f = 135 - y. Let p = f - -92. What are the prime factors of p?
3, 17
Suppose 3*u - 3*p = 1790 + 457, 0 = 4*u - p - 2990. What are the prime factors of u?
3, 83
What are the prime factors of (-8)/12 + 4414070/426?
13, 797
Let j = -177 - -146. Suppose -3*b - 2*b = -t - 200, -2*t = -3*b + 113. Let g = j + b. List the prime factors of g.
2, 5
Suppose 0 = z + 4, 8*z - 16500 = -5*g + 3*z. Suppose 18*q - 26*q = -g. What are the prime factors of q?
7, 59
Let i = 1286 + -705. Suppose -11 = -b + 1. Suppose b*q = 3221 - i. List the prime factors of q.
2, 5, 11
Let t be 3111/85 - 8/(-20). Let o(u) = 18*u + 25. What are the prime factors of o(t)?
691
Suppose -4*m - 4*t = 12, -m - 5*t = 2*m + 19. Let u be m - (0 + (-3 - -3)). Suppose u*f + 2*g = 280, 0*g - 2*g = -3*f + 425. List the prime factors of f.
3, 47
Let q(j) = -63*j**3 + 2*j**2 - 2*j - 10. Let a be q(-3). Suppose -3*p - 209 = -a. List the prime factors of p.
2, 251
Suppose -5*m + 2*q + 2000 = 0, 7*m - 3*m = 3*q + 1607. Let r = 552 - m. What are the prime factors of r?
2, 7, 11
Let u = 15241 + -13583. What are the prime factors of u?
2, 829
Suppose -57 = -3*d + 5*b - 190, 2*b = 4. Let l = d - -45. Suppose 3*u - 165 = l*g, 4*u - 191 = -2*g + 51. What are the prime factors of u?
59
Let u(k) = -k**2 + 11*k + 4. Let v be u(11). Suppose 8 = -v*q - 0, -1013 = -5*y + 4*q. List the prime factors of y.
3, 67
Let b(d) = d**3 - 16*d + 17. Suppose -5*m - 27 = -3*l - 6*m, 0 = -3*l - 2*m + 27. List the prime factors of b(l).
2, 7, 43
Let m(h) = -h**3 + 19*h**2 + 17*h + 60. Let y be m(20). Suppose -8*c + 6759 - 2127 = y. What are the prime factors of c?
3, 193
Suppose 2*k + 5048 = o, 5*k - 20180 = -4*o + 9*k. List the prime factors of o.
2, 2521
Let z(c) = -19*c - 71. Let n(d) = -d**2 + 5*d - 14. Let u be n(8). What are the prime factors of z(u)?
3, 7, 31
Let i be -1264*((-28)/8 - -2)*-1. Let k be (30/(-90))/(1*2/i). Suppose k = 4*s - 2*s. What are the prime factors of s?
2, 79
Suppose 5*c = v - 2 + 27, -3*v - c + 5 = 0. Suppose v = 171*o - 167*o - 3188. List the prime factors of o.
797
Suppose 5*b + u = 21146, 5*b - 6*b - 2*u + 4222 = 0. List the prime factors of b.
2, 3, 5, 47
Suppose 506*h = 484*h + 64680. What are the prime factors of h?
2, 3, 5, 7
Suppose 5*s + 5*i = 145, 4*i + 21 = 5*s - 115. Suppose -s*b + 27*b + 31 = 0. Suppose -161 - b = -4*l. What are the prime factors of l?
2, 3
Let k be (-4)/(-10) - 1088/(-80). Suppose -n - k = -5*p, -1 - 4 = -3*p + 4*n. Suppose p*v + 24 = 4*b, -16 = 3*v + v. List the prime factors of b.
3
Suppose 0 = -2*t + 10 - 0. Let r be (-1 - t)/(39/(-26)). Suppose 96 = 2*d + r*s, 5*d + 2*s + 0*s = 232. What are the prime factors of d?
2, 23
Suppose -11 = 2*h + 7. Let b be (h + 7 - -12)*(-50)/4. Let i = b + 259. What are the prime factors of i?
2, 67
Suppose -413134 = -24*u + 263914 - 189416. List the prime factors of u.
2, 10159
Suppose -2207 = -3*f - 5*o, -643 = -2*f + o + 824